t is 1001111000110 (base 2) in base 5?
130222
What is 2a (base 13) in base 16?
24
2211112 (base 3) to base 16
812
Convert 121001000 (base 3) to base 4.
2312223
Convert -14553 (base 6) to base 3.
-10020220
What is 1120202121 (base 3) in base 8?
74706
-44ba (base 13) to base 2
-10010110010001
What is 598 (base 10) in base 12?
41a
What is 56131 (base 7) in base 16?
3736
What is -528 (base 16) in base 5?
-20240
Convert -a301 (base 11) to base 14.
-4daa
2aa (base 12) to base 5
3133
-3326 (base 8) to base 2
-11011010110
11cc (base 16) to base 11
3472
Convert -1eca (base 15) to base 2.
-1101000111011
Convert 4d73 (base 15) to base 14.
604d
-100011012 (base 3) to base 10
-6674
What is -46 (base 15) in base 16?
-42
What is 2b5b (base 16) in base 15?
344e
Convert -113231 (base 4) to base 15.
-6b2
What is -30213 (base 4) in base 7?
-2232
What is 7172 (base 9) in base 13?
250a
What is 5060 (base 7) in base 9?
2362
10110110010 (base 3) to base 12
33510
Convert 2321 (base 6) to base 16.
229
1112 (base 3) to base 7
56
Convert -53235 (base 7) to base 16.
-3366
Convert 2845 (base 13) to base 6.
42511
What is -535005 (base 6) in base 2?
-1010101101001101
What is 2041 (base 7) in base 9?
874
-1b9 (base 13) to base 4
-11001
What is -1703 (base 10) in base 3?
-2100002
63dd (base 14) to base 6
211503
What is 56a9 (base 12) in base 11?
7268
Convert 6077 (base 10) to base 3.
22100002
Convert -610 (base 8) to base 15.
-1b2
What is -155d (base 15) in base 9?
-6257
-9c2 (base 14) to base 7
-5432
Convert 36661 (base 7) to base 6.
112234
Convert -d9 (base 16) to base 6.
-1001
-662 (base 12) to base 8
-1652
1c68 (base 16) to base 12
4260
What is -1328 (base 10) in base 14?
-6ac
6621 (base 12) to base 2
10101111111001
What is 37226 (base 8) in base 5?
1003042
-6657 (base 8) to base 10
-3503
Convert -1a09 (base 15) to base 9.
-7650
-1102 (base 16) to base 7
-15460
Convert 2161 (base 9) to base 13.
958
-21003 (base 5) to base 3
-1220001
Convert -101100000000 (base 2) to base 12.
-1768
What is 560 (base 7) in base 2?
100011111
Convert 457 (base 11) to base 5.
4141
1100110001000010 (base 2) to base 9
78650
Convert 1b1 (base 12) to base 3.
101021
Convert 1bc7 (base 13) to base 5.
113334
What is -442 (base 16) in base 3?
-1111101
101210 (base 4) to base 9
1478
52 (base 16) to base 2
1010010
Convert 15892 (base 11) to base 2.
101011101011101
-10011 (base 2) to base 7
-25
What is 13112 (base 8) in base 7?
22431
-2630 (base 8) to base 14
-744
Convert 20570 (base 8) to base 4.
2011320
What is 64488 (base 9) in base 5?
2331221
110000111000001 (base 2) to base 12
12595
Convert 2361 (base 8) to base 14.
665
What is 9a (base 14) in base 3?
12001
What is -11041 (base 5) in base 16?
-303
Convert -10174 (base 13) to base 7.
-150016
Convert 7142 (base 11) to base 4.
2110030
What is 744 (base 9) in base 4?
21133
-a291 (base 14) to base 3
-1102100112
What is -440 (base 6) in base 12?
-120
Convert 697b (base 15) to base 14.
8235
What is -103 (base 15) in base 10?
-228
What is 50311 (base 6) in base 8?
14703
What is -2753 (base 10) in base 14?
-1009
What is -34411 (base 5) in base 7?
-10143
12055 (base 7) to base 4
300313
What is 436 (base 10) in base 8?
664
What is 1166 (base 11) in base 2?
10111110100
What is -987 (base 11) in base 15?
-53e
What is -564 (base 15) in base 13?
-72a
-27303 (base 9) to base 14
-6a35
-1010010111000011 (base 2) to base 7
-234501
906 (base 12) to base 2
10100010110
What is 73bb (base 16) in base 3?
1111122022
1300 (base 6) to base 13
1bc
-5938 (base 13) to base 4
-3010021
What is 23506 (base 9) in base 4?
3311220
What is 7a86 (base 14) in base 12?
1039a
-2344324 (base 5) to base 15
-ce44
What is -750 (base 8) in base 12?
-348
1701 (base 8) to base 10
961
What is 112001 (base 3) in base 4?
11323
What is -cae6 (base 15) in base 6?
-530530
Convert 1641 (base 15) to base 3.
20120021
-59 (base 12) to base 9
-76
Convert -2723 (base 10) to base 5.
-41343
What is 52063 (base 7) in base 16?
31c0
-1807 (base 9) to base 6
-10224
Convert -422 (base 13) to base 3.
-222002
What is 100011110101 (base 2) in base 5?
33133
Convert -187e (base 16) to base 12.
-3766
Convert 100001010011011 (base 2) to base 8.
41233
What is -a9 (base 14) in base 15?
-9e
What is 3550 (base 11) in base 13?
216c
-12320 (base 4) to base 5
-3230
Convert 30a (base 13) to base 8.
1005
-824 (base 10) to base 6
-3452
What is -1122202000 (base 3) in base 6?
-411000
What is 377 (base 10) in base 11?
313
203412 (base 6) to base 11
11316
Convert -1001011011 (base 2) to base 12.
-423
Convert 6b6 (base 13) to base 15.
528
-22314 (base 7) to base 9
-7663
What is 200100112 (base 3) in base 14?
4c39
-1240 (base 7) to base 11
-397
-32110 (base 5) to base 16
-86b
Convert -1464 (base 8) to base 10.
-820
-868 (base 12) to base 16
-4d0
Convert -33312 (base 4) to base 10.
-1014
What is -667 (base 13) in base 16?
-44b
What is 44443 (base 6) in base 3?
22112100
a44a (base 12) to base 16
45fa
Convert 100100 (base 3) to base 16.
fc
678 (base 9) to base 8
1055
-34 (base 9) to base 13
-25
Convert -211 (base 6) to base 16.
-4f
Convert -1341 (base 9) to base 11.
-838
222 (base 10) to base 9
266
Convert -1304 (base 5) to base 4.
-3030
Convert -1010001101 (base 2) to base 13.
-3b3
What is 4d1 (base 15) in base 12?
774
1023005 (base 6) to base 8
141355
Convert -5c9 (base 13) to base 15.
-475
-5175 (base 12) to base 2
-10001010101001
What is 100010111000001 (base 2) in base 15?
5457
What is -3bc (base 13) in base 3?
-220112
What is 212011 (base 3) in base 8?
1161
Convert 8919 (base 14) to base 11.
16921
35206 (base 7) to base 3
110101011
What is -111211002 (base 3) in base 8?
-23531
-5110 (base 8) to base 14
-d60
What is 222011 (base 3) in base 6?
3134
Convert 111100110100 (base 2) to base 8.
7464
What is -5192 (base 10) in base 12?
-3008
3274 (base 12) to base 9
7557
What is 10685 (base 9) in base 4?
1233110
What is 101221 (base 3) in base 5?
2140
Convert -11505 (base 10) to base 6.
-125133
Convert 6ee (base 16) to base 9.
2381
Convert 3612 (base 7) to base 14.
6b2
What is 1241 (base 15) in base 6?
25554
Convert -36 (base 12) to base 10.
-42
2122101 (base 3) to base 12
1147
-1991 (base 15) to base 8
-12640
Convert 36 (base 11) to base 7.
54
Convert -10011101111110 (base 2) to base 4.
-2131332
Convert -11521 (base 6) to base 16.
-6a9
Convert 111010022 (base 3) to base 8.
22536
-a4a (base 12) to base 5
-21443
244 (base 16) to base 5
4310
Convert -232 (base 13) to base 15.
-1a4
-1a96 (base 12) to base 9
-4446
Convert 10623 (base 8) to base 12.
272b
What is -100111100100000 (base 2) in base 12?
-b880
1021220211 (base 3) to base 14
93c4
What is -29a4a (base 12) in base 9?
-88244
Convert 4373 (base 8) to base 2.
100011111011
Convert -16aa (base 11) to base 13.
-cb6
Convert 1a6 (base 12) to base 15.
130
-6039 (base 10) to base 3
-22021200
-12112 (base 4) to base 9
-501
What is -11201100 (base 3) in base 10?
-3438
Convert 510 (base 16) to base 11.
a79
Convert 364 (base 8) to base 3.
100001
What is -12566 (base 9) in base 13?
-3b28
What is -101011101101000 (base 2) in base 16?
-5768
3a0 (base 13) to base 14
337
Convert -61b (base 15) to base 12.
-968
Convert 1230011 (base 4) to base 12.
4005
-124 (base 8) to base 6
-220
Convert 5064 (base 16) to base 10.
20580
-642 (base 13) to base 14
-564
Convert 237 (base 13) to base 16.
180
Convert -d3 (base 14) to base 16.
-b9
Convert 3230 (base 5) to base 4.
12320
Convert 1c5 (base 13) to base 15.
170
-1322 (base 9) to base 3
-1100202
-10212012 (base 3) to base 12
-1765
What is -10002202 (base 3) in base 4?
-203111
-463 (base 14) to base 7
-2353
Convert 110010001 (base 2) to base 11.
335
1e (base 15) to base 12
25
What is -317 (base 10) in base 2?
-100111101
Convert 6143 (base 8) to base 6.
22403
24a (base 13) to base 7
1111
What is c38 (base 15) in base 11?
2083
13323201 (base 4) to base 15
9956
Convert -11244 (base 5) to base 6.
-3452
5204 (base 9) to base 5
110221
Convert -14d7 (base 16) to base 4.
-1103113
What is -11a (base 11) in base 13?
-ac
Convert 7501 (base 13) to base 12.
9481
Convert -14660 (base 8) to base 2.
-1100110110000
Convert 73 (base 14) to base 2.
1100101
What is a7da (base 15) in base 12?
1868a
120220 (base 3) to base 9
526
What is -1010212 (base 3) in base 16?
-341
Convert 5381 (b